{"id":2,"date":"2010-12-01T10:41:10","date_gmt":"2010-12-01T10:41:10","guid":{"rendered":"https:\/\/wizard.uek.krakow.pl\/~cwiklicm\/?page_id=2"},"modified":"2021-07-26T06:44:46","modified_gmt":"2021-07-26T06:44:46","slug":"informacje","status":"publish","type":"page","link":"https:\/\/cwiklicki.uek.krakow.pl\/","title":{"rendered":"CV"},"content":{"rendered":"<p><a href=\"https:\/\/cwiklicki.uek.krakow.pl\/?attachment_id=678\" rel=\"attachment wp-att-678\"><img loading=\"lazy\" class=\"alignleft wp-image-678 size-full\" src=\"https:\/\/cwiklicki.uek.krakow.pl\/wp-content\/uploads\/P4191027.jpg\" alt=\"\" width=\"240\" height=\"300\" \/><\/a><\/p>\n<p><strong>\u00a0<\/strong><\/p>\n<p><strong>Dane kontaktowe:<\/strong><\/p>\n<p>prof. dr hab. Marek \u0106wiklicki<br \/>\nKatedra Zarz\u0105dzania Organizacjami Publicznymi<br \/>\nKolegium Gospodarki i Administracji Publicznej<br \/>\nUniwersytet Ekonomiczny w Krakowie<br \/>\nul. Rakowicka 27, 31-510 Krak\u00f3w<br \/>\ntel. +48 12-2935963, fax. +48-122935051<br \/>\ne-mail: marek.cwiklicki#uek.krakow.pl (replace # with @)<br \/>\nwww: cwiklicki.uek.krakow.pl<\/p>\n<p><span id=\"badgeCont677356\" style=\"width: 126px;\"><script src=\"https:\/\/labs.researcherid.com\/mashlets?el=badgeCont677356&amp;mashlet=badge&amp;showTitle=false&amp;className=a&amp;rid=D-5725-2014\"><\/script><\/span><\/p>\n<p><a style=\"vertical-align: top;\" href=\"https:\/\/orcid.org\/0000-0002-5298-0210\" target=\"orcid.widget\" rel=\"noopener noreferrer\"><img style=\"width: 1em; margin-right: .5em;\" src=\"https:\/\/orcid.org\/sites\/default\/files\/images\/orcid_16x16.png\" alt=\"ORCID iD icon\" \/>orcid.org\/0000-0002-5298-0210<\/a><\/p>\n<p><a href=\"https:\/\/www.researchgate.net\/profile\/Marek_Cwiklicki\">ResearchGate<\/a><\/p>\n<h3>\u00a0<strong>Edukacja<\/strong><\/h3>\n<p>1997 - Master of Business Science Administration, Baltic Sea Management Academy, Gotland College of Higher Education, Stockholm University, Sweden<br \/>\n1998 - magister, Kierunek: Zarz\u0105dzanie i Marketing, Specjalno\u015b\u0107: Zarz\u0105dzanie Firm\u0105, Akademia Ekonomiczna w Krakowie (Uniwersytet Ekonomiczny w Krakowie)<br \/>\n1998 - magister, Kierunek: Ekonomia, Specjalno\u015b\u0107: Gospodarka i Administracja Publiczna, Akademia Ekonomiczna w Krakowie (Uniwersytet Ekonomiczny w Krakowie)<br \/>\n2003 - doktor nauk ekonomicznych w zakresie nauk o zarz\u0105dzaniu<br \/>\n2012 - doktor habilitowany nauk ekonomicznych w dyscyplinie nauki o zarz\u0105dzaniu<br \/>\n2020 - profesor nauk spo\u0142ecznych<\/p>\n<h3><strong>Zatrudnienie na uczelni<br \/>\n<\/strong><\/h3>\n<p>1998-2003, asystent, Uniwersytet Ekonomiczny w Krakowie<br \/>\n2003-05.2014, adiunkt, Uniwersytet Ekonomiczny w Krakowie<br \/>\n06.2014-nadal, profesor nadzwyczajny, Uniwersytet Ekonomiczny w Krakowie<\/p>\n<p><strong>Wsp\u00f3\u0142praca z otoczeniem gospodarczym<\/strong><\/p>\n<p>2000-2010, trener, konsultant, TQMsoft<br \/>\n2005-2006, trener, Centrum Organizacji Szkole\u0144 Mened\u017cerskich<br \/>\n2006-2007, cz\u0142onek i sekretarz Rady Nadzorczej, MARR S.A.<br \/>\n2004-2011, trener, doradca organizacyjny, wsp\u00f3\u0142w\u0142a\u015bciciel, Konsylium. Zesp\u00f3\u0142 Doradc\u00f3w Organizacyjnych<br \/>\n03.2012 - 06.2014, Prezes Zarz\u0105du Fundacji Gospodarki i Administracji Publicznej<br \/>\n06.2015-05.2017, Przewodnicz\u0105cy Rady Fundacji Gospodarki i Administracji Publicznej<\/p>\n<h3><strong>Aktualnie pe\u0142nione funkcje:<br \/>\n<\/strong><\/h3>\n<ul>\n<li>cz\u0142onek Academic Executive Committee International Academy of Business and Economics - IABE (2015-2016, 2017)<\/li>\n<li>cz\u0142onek Rady Programowej FOM Research Centre for Corporate Social Responsibility (od 06.2015)<\/li>\n<li>Kierownik Katedry Zarz\u0105dzania Organizacjami Publicznymi, Kolegium Gospodarki i Administracji Publicznej, Uniwersytet Ekonomiczny w Krakowie (od 10.2019)<\/li>\n<li>cz\u0142onek Rady Instytutu Polityk Publicznych i Administracji, Kolegium Gospodarki i Administracji Publicznej, Uniwersytet Ekonomiczny w Krakowie (od 10.2019)<\/li>\n<li>cz\u0142onek Rady Dyscypliny Nauki o Polityce i Administracji, Uniwersytet Ekonomiczny w Krakowie (od 10.2020)<\/li>\n<li>Cz\u0142onek Uczelnianej Komisji Dyscyplinarnej ds. Nauczycieli Akademickich (2020-2024)<\/li>\n<li>Cz\u0142onek Rady Interesariuszy przy Instytucie Polityk Publicznych i Administracji (2020-2024)<\/li>\n<\/ul>\n<p><strong>Pe\u0142nione funkcje:<\/strong><\/p>\n<ul>\n<li>cz\u0142onek Rady O\u015brodka Bada\u0144 Europejskich im. J\u00f3zefa Retingera (2016-2020)<\/li>\n<li>cz\u0142onek Rady Wydzia\u0142u Gospodarki i Administracji Publicznej Uniwersytetu Ekonomicznego w Krakowie (11.2016-9.2019)<\/li>\n<li>kierownik Zak\u0142adu Zarz\u0105dzania Organizacjami Publicznymi, Wydzia\u0142 Gospodarki i Administracji Publicznej, Uniwersytet Ekonomiczny w Krakowie (2.2017-9.2019)<\/li>\n<li>cz\u0142onek Senatu Uniwersytetu Ekonomicznego w Krakowie (2012-2016)<\/li>\n<li>cz\u0142onek Rady Wydzia\u0142u Zarz\u0105dzania Uniwersytetu Ekonomicznego w Krakowie (12.2013-11.2016)<\/li>\n<li>Pe\u0142nomocnik Rektora Uniwersytetu Ekonomicznego w Krakowie ds. O\u015brodka Bada\u0144 Europejskich (11.2014-09.2016)<\/li>\n<li>cz\u0142onek Rady Dyscypliny Nauki o Zarz\u0105dzaniu i Jako\u015bci, Uniwersytet Ekonomiczny w Krakowie (10.2019-10.2020)<\/li>\n<\/ul>\n<p><strong>Sta\u017ce zagraniczne<\/strong><\/p>\n<p>09.2011 - visiting lecturer at Vilnius Gediminas Technical University, Lithuania, course: Infonomics, grant from the Erasmus Program.<br \/>\n06.2012 -visiting lecturer at Faculty of Business and Economics, University of Maribor, Slovenia, CEEPUS Program.<br \/>\n09.2013 - visiting lecturer at Business Faculty, Babes-Bolyai University, Romania, course: World Class Manufacturing, grant from the Erasmus Program.<br \/>\n05.2017 - visiting lecturer at Plymouth University, UK, course: Business Models for Social Entrepreneurs, grant from the Erasmus Program.<br \/>\n04.2017-06.2017, visiting professor, University of Foggia, Italy<br \/>\n05.2018 - visiting lecturer at Nagasaki University, Japonia, course: Polish Experience in Measuring Social Added Value, grant from the Erasmus Program.<br \/>\n07.2019 -- visiting lecturer at University of Naples Parthenope, Italy, course: Measuring Social Added Value, grant from the Erasmus Program.<\/p>\n<h3><strong>Cz\u0142onkostwo w organizacjach:<\/strong><\/h3>\n<ul>\n<li>Towarzystwo Naukowej Organizacji i Kierownictwa (TNOiK) - od 1998<\/li>\n<li>Association for Information and Image Management - Basic Member, od 2000.<\/li>\n<li>American Society of Quality (ASQ) - Associate Member od 01.2010 do 01.2011<\/li>\n<li>European Academy of Management (EURAM) od 11.2010<\/li>\n<li>European Group for Organizational Studies (EGOS) od 01.2012<\/li>\n<li>\n<div class=\"o9v6fnle cxmmr5t8 oygrvhab hcukyx3x c1et5uql ii04i59q\">\n<div dir=\"auto\">International Research Society for Public Management<\/div>\n<\/div>\n<p>(IRSPM) od 2019<\/li>\n<\/ul>\n<p><strong>Udzia\u0142 w komitetach redakcyjnych:<\/strong><\/p>\n<ul>\n<li>\"<a href=\"https:\/\/nowa.uek.krakow.pl\/pl\/uczelnia\/administracja-i-inne-jednostki\/pion-prorektora-ds-nauki\/wydawnictwo-uek\/argumenta-oeconomica-cracoviensia\/argumenta-oeconomica-cracoviensia-pl.html\">Argumenta Oeconomica Cracoviensia<\/a>\" ISSN: 1642-168X., Wyd. UEK, Polska (2015-)<\/li>\n<li>\"<a href=\"https:\/\/ekonomiaspoleczna.msap.pl\/\" target=\"_blank\" rel=\"noopener noreferrer\">Ekonomia Spo\u0142eczna<\/a>\" ISSN 2081-321X, Wyd, UEK, Polska (2015-2017)<\/li>\n<li><a href=\"https:\/\/eber.uek.krakow.pl\" target=\"_blank\" rel=\"noopener noreferrer\">\"Entrepreneurial Business and Economics Review\"<\/a>, ISSN\u00a02353-883X, Wyd. UEK, Polska (2013-)<\/li>\n<li>\u201c<a href=\"https:\/\/www.iabe.org\/domains\/iabeX\/journalinfo.aspx?JournalID=EJM\">European Journal of Management<\/a>\u201d ISSN: 1555-4015, Editor-in-Chief, published by IABE (2016-)<\/li>\n<li>\"<a href=\"https:\/\/kolegia.sgh.waw.pl\/pl\/KZiF\/publikacje\/koik\/Strony\/default.aspx\">Organizacja i Kierowanie<\/a>\" ISSN 0137-546, Wyd. KNOiZ PAN, Polska (2016-)<\/li>\n<li>\"<a href=\"https:\/\/www.studia.ubbcluj.ro\/serii\/negotia\/index_en.html\" target=\"_blank\" rel=\"noopener noreferrer\">Studia Negotia<\/a>\", ISSN 1224-8738, Wyd. Babes-Bolyai University, Cluj-Napoca, Romania (2014-)<\/li>\n<li>\"<a title=\"Zarz\u0105dzanie Publiczne\" href=\"www.zarzadzaniepubliczne.pl\">Zarz\u0105dzanie Publiczne\/Public Governance<\/a>\" ISSN 1898-3529, Wyd. UEK, Polska (2014-)<\/li>\n<li><a href=\"https:\/\/www.iabe.org\/domains\/iabeX\/mission.aspx\">IABE <\/a>(International Academy of Business and Economics) Editorial Board 2006-2013<\/li>\n<\/ul>\n<p><strong>Recenzent w czasopismach naukowych<\/strong><\/p>\n<ul>\n<li>\"Ekonomia Spo\u0142eczna\" ISSN 2081-321X<\/li>\n<li>\"Nauki o Zarz\u0105dzaniu\" ISSN 2080-6000<\/li>\n<li>\"Organizacja i Kierowanie\" ISSN 0137-5466<\/li>\n<li>\"Prace Naukowe Uniwersytetu Ekonomicznego we Wroc\u0142awiu\" ISSN 1899-3192<\/li>\n<li>\"Przegl\u0105d Organizacji\" ISSN-0137-7221<\/li>\n<li>\"Sinergie, Italian Journal of Management\" 0393-5108<\/li>\n<li>\u201eZarz\u0105dzanie i Finanse\u201d ISSN 2084-5189<\/li>\n<li>\"Zarz\u0105dzanie Publiczne\" ISSN 1898-3529<\/li>\n<li>\"Zeszyty Naukowe Ma\u0142opolskiej Szko\u0142y Ekonomicznej w Tarnowie\" ISSN 1506-2635<\/li>\n<\/ul>\n<p><strong>Udzia\u0142 w komitetach i radach naukowych konferencji<\/strong><\/p>\n<ul>\n<li>IABE-2013 Orlando - Winter Conference of International Academy of Business and Economics, March 15-17, 2013, Orlando, Florida, USA<\/li>\n<li>2nd International Scientific Conference, Contemporary Issues in Business, Management and Education \u20182013, November 14-15, 2013, Vilnius Gediminas Technical University, Lithuania<\/li>\n<li>3rd International Scientific Conference, Contemporary Issues in Business, Management and Education \u20182014, November 13-14, 2014, Vilnius Gediminas Technical University, Lithuania<\/li>\n<li>4th International Scientific Conference, Contemporary Issues in Business, Management and Education \u20182015, November 12-13, 2015, Vilnius Gediminas Technical University, Lithuania<\/li>\n<li><a href=\"https:\/\/cbme.vgtu.lt\">5th International Scientific Conference<\/a> \"Contemporary Issues in Business, Management and Education\", May 11-12, 2017, Vilnius Gediminas Technical University, Lithuania<\/li>\n<\/ul>\n<p><strong>Zainteresowania naukowe<\/strong><\/p>\n<ul>\n<li>Metodologia organizacji i zarz\u0105dzania<\/li>\n<li>Metody badawcze w naukach o zarz\u0105dzaniu<\/li>\n<li>Zarz\u0105dzanie publiczne, zarz\u0105dzanie w administracji publicznej<\/li>\n<li>Wsp\u00f3\u0142czesne metody i koncepcje organizacji i zarz\u0105dzania<\/li>\n<li>Historia my\u015bli organizatorskiej<\/li>\n<li>Zarz\u0105dzanie informacj\u0105 i komunikacj\u0105<\/li>\n<li>Informatyka w zarz\u0105dzaniu<\/li>\n<\/ul>\n<h3><strong>Dy\u017cury i harmonogram zaj\u0119\u0107<\/strong><\/h3>\n<p><a href=\"https:\/\/e-uczelnia.uek.krakow.pl\/course\/view.php?id=914\" target=\"_blank\" rel=\"noopener noreferrer\">e-uczelnia.uek.krakow.pl<\/a><\/p>\n<h3><strong>Publikacje<\/strong><\/h3>\n<p style=\"text-align: justify;\">Autor i wsp\u00f3\u0142autor ponad 200 artyku\u0142\u00f3w i prac naukowych (<a href=\"https:\/\/wizard.uek.krakow.pl\/~cwiklicm\/?page_id=8\">lista publikacji <strong>\u00bb<\/strong><\/a>).<\/p>\n<h3><strong>Dydaktyka<\/strong><\/h3>\n<p><a href=\"https:\/\/wizard.uek.krakow.pl\/~cwiklicm\/wp-content\/uploads\/dydaktyka-mind-map2.png\"><img loading=\"lazy\" class=\" wp-image-261 alignnone\" src=\"https:\/\/wizard.uek.krakow.pl\/~cwiklicm\/wp-content\/uploads\/dydaktyka-mind-map2-300x119.png\" alt=\"dydaktyka-mind-map2\" width=\"542\" height=\"214\" \/><\/a><\/p>\n<p>Prowadzi b\u0105d\u017a prowadzi\u0142 zaj\u0119cia na wszystkich rodzajach studi\u00f3w (dzienne, zaoczne, podyplomowe) o nast\u0119puj\u0105cej tematyce:<\/p>\n<ul>\n<li>podstawy organizacji i zarz\u0105dzania<\/li>\n<li>metody organizacji i zarz\u0105dzania<\/li>\n<li>wsp\u00f3\u0142czesne koncepcje zarz\u0105dzania<\/li>\n<li>rozw\u00f3j naukowego zarz\u0105dzania<\/li>\n<li>zarz\u0105dzanie projektami<\/li>\n<li>jako\u015bciowe rozwi\u0105zywanie problem\u00f3w zarz\u0105dzania<\/li>\n<li>fundusze unijne<\/li>\n<li>konsulting w pozyskiwaniu funduszy UE<\/li>\n<li>zarz\u0105dzanie informacjami<\/li>\n<li>procesy informacyjne w zarz\u0105dzaniu<\/li>\n<li>metody zarz\u0105dzania informacjami<\/li>\n<li>systemy workflow<\/li>\n<li>zarz\u0105dzanie zasobami elektronicznymi informacyjnymi (Enterprise Content Management)<\/li>\n<li>zarz\u0105dzanie kadrami<\/li>\n<li>organizacja i zarz\u0105dzanie<\/li>\n<li>zarz\u0105dzanie strategiczne<\/li>\n<\/ul>\n<h3><strong>Seminarium<br \/>\n<\/strong><\/h3>\n<p style=\"text-align: justify;\"><strong>Tematyka prac dyplomowych, magisterskich i doktorskich<\/strong>: metodologia nauk o zarz\u0105dzaniu, organizatoryka, teoria organizacji, historia my\u015bli organizatorskiej w kraju i na \u015bwiecie, ewolucja, adaptacja, rozw\u00f3j i wdro\u017cenie wsp\u00f3\u0142czesnych koncepcji i metod zarz\u0105dzania w r\u00f3\u017cnych obszarach i funkcjach organizacji (np. kadry, produkcja, us\u0142ugi, wymiar strategiczny i operacyjny, planistyczny, innowacyjno\u015b\u0107, zarz\u0105dzanie: projektami, procesami, zmian\u0105, itp.), zarz\u0105dzanie informacjami i komunikacj\u0105, infonomika, technologia informacyjno-komunikacyjna wspomagaj\u0105ca zarz\u0105dzanie, Enterprise Content Management, zarz\u0105dzanie jako\u015bci\u0105 (np. TQM, normy ISO, CAF)<br \/>\nw: przedsi\u0119biorstwach prywatnych, organizacjach pozarz\u0105dowych, administracji pa\u0144stwowej i samorz\u0105dowej.<\/p>\n<p style=\"text-align: justify;\">Opiekun <a href=\"https:\/\/www.knk.uek.krakow.pl\/\/\">Ko\u0142a Naukowego Konsultingu<\/a> (2006-2013).<\/p>\n<p style=\"text-align: justify;\"><strong>Odznaczenia, nagrody i wyr\u00f3\u017cnienia<\/strong><\/p>\n<ul>\n<li>\u00a0\u00a02013 - Wyr\u00f3\u017cnienie dla zespo\u0142u badawczego w sk\u0142adzie M. \u0106wiklicki, K. Tarnawska, J. Rosiek za udzia\u0142 w konkursie sesji plakatowej w ramach konferencji RESEARCH 2013 Wyzwania profesjonalizacji zarz\u0105dzania projektami badawczo-naukowymi w jednostkach naukowych w 19.02.2013, Nadaj\u0105cy: inna organizacja (osoba) krajowa<\/li>\n<li>\u00a02013 - Wyr\u00f3\u017cnienie dla najlepszego wyk\u0142adowcy na studiach podyplomowych Ekonomia Spo\u0142eczna, w ocenie S\u0142uchaczy dziewi\u0119ciu edycji studi\u00f3w podyplomowych Ekonomia Spo\u0142eczna organizowanych przez Ma\u0142opolsk\u0105 Szko\u0142\u0119 Administracji Publicznej UEK w ramach projektu \"Zintegrowany System Wsparcia Ekonomii Spo\u0142ecznej\" wsp\u00f3\u0142finansowanego ze \u015brodk\u00f3w Unii Europejskiej w ramach Europejskiego Funduszu Spo\u0142ecznego.<\/li>\n<li>2015 - wyr\u00f3\u017cnienie dla wyk\u0142adowcy na studiach podyplomowych Zarz\u0105dzanie w Administracji Publicznej organizowanych przez MSAP UEK w roku akademickim 2014\/2015 za profesjonalne prowadzenie zaj\u0119\u0107 z przedmiotu \"Organizacja i zarz\u0105dzanie w administracji publicznej\", mi\u0142\u0105 atmosfer\u0119 i umiej\u0119tno\u015b\u0107 zaciekawienia s\u0142uchaczy potwierdzone najwy\u017csz\u0105 ocen\u0105 uzyskan\u0105 w rankingu Wyk\u0142adowc\u00f3w studi\u00f3w ZAP 2014\/2015,<\/li>\n<li>2013 - nominacja do Nagrody Ministra Nauki i Szkolnictwa Wy\u017cszego<\/li>\n<li>2009, Br\u0105zowy Medal za D\u0142ugoletni\u0105 S\u0142u\u017cb\u0119 nadany przez Prezydenta Polski<\/li>\n<li>Nagroda Rektora UEK w Krakowie za zespo\u0142owe osi\u0105gni\u0119cia w dziedzinie naukowej I stopnia (2000)<\/li>\n<li>Nagroda Rektora UEK w Krakowie za zespo\u0142owe osi\u0105gni\u0119cia w dziedzinie naukowej II stopnia (2010)<\/li>\n<li>Nagroda Rektora UEK w Krakowie za indywidualne osi\u0105gni\u0119cia w dziedzinie naukowej I stopnia (2012, 2019)<\/li>\n<li>Nagroda Rektora UEK w Krakowie za indywidualne osi\u0105gni\u0119cia w dziedzinie naukowej II stopnia (2005, 2008, 2009, 2010, 2016)<\/li>\n<li>Nagroda Rektora UEK w Krakowie za indywidualne osi\u0105gni\u0119cia w dziedzinie naukowej III stopnia (2006, 2011, 2012, 2013, 2014, 2015)<\/li>\n<li>Nagroda Rektora UEK w Krakowie za zespo\u0142owe osi\u0105gni\u0119cia dydaktyczne II stopnia (2019)<\/li>\n<li>Nagroda Rektora UEK w Krakowie za zespo\u0142owe osi\u0105gni\u0119cia organizacyjne II stopnia (2018)<\/li>\n<\/ul>\n<h3><strong>Wsp\u00f3\u0142praca z praktyk\u0105<\/strong><\/h3>\n<p>Wsp\u00f3\u0142praca z instytucjami konsultingowymi w zakresie szkole\u0144 i doradztwa dotycz\u0105cych wdra\u017cania metod zarz\u0105dzania w organizacjach typu profit i non-profit oraz w projektach racjonalizatorskich w r\u00f3\u017cnych sferach organizacji i zarz\u0105dzania - zobacz: <a title=\"Projekty badawcze\" href=\"https:\/\/wizard.uek.krakow.pl\/~cwiklicm\/?page_id=278\">Projekty badawcze<\/a>.<\/p>\n","protected":false},"excerpt":{"rendered":"<p>\u00a0 Dane kontaktowe: prof. dr hab. Marek \u0106wiklicki Katedra Zarz\u0105dzania Organizacjami Publicznymi Kolegium Gospodarki i Administracji Publicznej Uniwersytet Ekonomiczny w Krakowie ul. Rakowicka 27, 31-510 Krak\u00f3w tel. +48 12-2935963, fax. +48-122935051 e-mail: marek.cwiklicki#uek.krakow.pl (replace # with @) www: cwiklicki.uek.krakow.pl orcid.org\/0000-0002-5298-0210 ResearchGate \u00a0Edukacja 1997 - Master of Business Science Administration, Baltic Sea Management Academy, Gotland College <a href=\"https:\/\/cwiklicki.uek.krakow.pl\/\" class=\"more-link\">Czytaj dalej...<span class=\"screen-reader-text\"> \"CV\"<\/span><\/a><\/p>\n","protected":false},"author":1,"featured_media":0,"parent":0,"menu_order":1,"comment_status":"closed","ping_status":"closed","template":"","meta":[],"_links":{"self":[{"href":"https:\/\/cwiklicki.uek.krakow.pl\/index.php?rest_route=\/wp\/v2\/pages\/2"}],"collection":[{"href":"https:\/\/cwiklicki.uek.krakow.pl\/index.php?rest_route=\/wp\/v2\/pages"}],"about":[{"href":"https:\/\/cwiklicki.uek.krakow.pl\/index.php?rest_route=\/wp\/v2\/types\/page"}],"author":[{"embeddable":true,"href":"https:\/\/cwiklicki.uek.krakow.pl\/index.php?rest_route=\/wp\/v2\/users\/1"}],"replies":[{"embeddable":true,"href":"https:\/\/cwiklicki.uek.krakow.pl\/index.php?rest_route=%2Fwp%2Fv2%2Fcomments&post=2"}],"version-history":[{"count":110,"href":"https:\/\/cwiklicki.uek.krakow.pl\/index.php?rest_route=\/wp\/v2\/pages\/2\/revisions"}],"predecessor-version":[{"id":722,"href":"https:\/\/cwiklicki.uek.krakow.pl\/index.php?rest_route=\/wp\/v2\/pages\/2\/revisions\/722"}],"wp:attachment":[{"href":"https:\/\/cwiklicki.uek.krakow.pl\/index.php?rest_route=%2Fwp%2Fv2%2Fmedia&parent=2"}],"curies":[{"name":"wp","href":"https:\/\/api.w.org\/{rel}","templated":true}]}}